ase 8?
-14675644
Convert -2344250 (base 6) to base 7.
-1020663
-3187671 (base 10) to base 15
-42e766
Convert 2022102210120 (base 3) to base 12.
4b3243
Convert -885821 (base 10) to base 16.
-d843d
104010530 (base 6) to base 2
111000111111111010110
10165014 (base 7) to base 8
3210642
Convert -121001101011 (base 3) to base 11.
-1a6400
What is -100001111000111101101010 (base 2) in base 10?
-8884074
43301010 (base 5) to base 2
1011010000011110000
1001101010001001000 (base 2) to base 15
63b93
What is -3413410 (base 6) in base 14?
-47170
What is 4511243 (base 7) in base 9?
1038668
What is -50341 (base 7) in base 3?
-121201011
6c856 (base 16) to base 5
103211002
What is 1420625 (base 7) in base 11?
11a820
-10144124130 (base 5) to base 7
-155361453
Convert 44415636 (base 8) to base 11.
54500a2
Convert -465829 (base 12) to base 3.
-2010101110220
388a21 (base 11) to base 5
124042122
What is -13841 (base 12) in base 6?
-325321
Convert 1178535 (base 9) to base 11.
3a9950
What is -100320331123 (base 4) in base 7?
-52430326
10023302 (base 4) to base 10
17138
What is -2324130233 (base 5) in base 9?
-10870807
1043126 (base 7) to base 11
88483
Convert -13683 (base 12) to base 2.
-110100100000011
-45821b (base 13) to base 15
-227a2a
Convert 758293 (base 11) to base 12.
4a516a
Convert 24253250 (base 6) to base 8.
2736376
-94a62 (base 11) to base 5
-13411441
8b8d8d (base 15) to base 8
31323455
-1165e (base 16) to base 7
-414522
Convert -2321212 (base 4) to base 11.
-8a19
-251404 (base 8) to base 6
-1505444
What is 22422323 (base 6) in base 10?
687435
What is -10233343411 (base 5) in base 13?
-23272b2
3044020 (base 5) to base 13
19924
-11221212222011 (base 3) to base 7
-31254061
-2756842 (base 13) to base 8
-57256316
What is -750015 (base 8) in base 7?
-2060324
Convert -20012120121 (base 3) to base 13.
-437b3
What is 5152200 (base 8) in base 13?
38a483
604475 (base 9) to base 15
70e52
What is -44112433 (base 5) in base 7?
-3136205
What is 102121201122 (base 3) in base 4?
313311203
What is 264566 (base 8) in base 11?
63582
15a1818 (base 12) to base 8
20740524
What is -1a2a704 (base 13) in base 9?
-17187387
63b8d (base 14) to base 12
b7581
What is -1027425 (base 10) in base 15?
-154650
What is -37285 (base 10) in base 9?
-56127
-20354401 (base 8) to base 4
-100131210001
abbbb8 (base 13) to base 10
4053278
Convert 3070588 (base 12) to base 9.
18115215
What is be45 (base 15) in base 4?
21312110
What is -1324333443 (base 5) in base 16?
-33336a
What is 12321034213 (base 5) in base 2?
111001010010100001001010
What is -712929 (base 13) in base 15?
-3704ac
What is 10100110010001110010110 (base 2) in base 16?
532396
What is -13981 (base 10) in base 2?
-11011010011101
Convert 1100002133 (base 4) to base 16.
5009f
366396a (base 11) to base 4
120110021221
What is -16f989 (base 16) in base 3?
-2211111101200
What is 155143535 (base 6) in base 11?
1972189
-1202110221221 (base 3) to base 12
-3909b1
-79a562 (base 11) to base 16
-136d15
Convert 2202122431 (base 5) to base 6.
245124003
Convert -10000111101101100101 (base 2) to base 9.
-1036461
What is 203356 (base 8) in base 9?
112288
Convert -13124254 (base 6) to base 2.
-1101001010010001010
Convert -b94a3 (base 14) to base 3.
-211202210222
Convert -33102031 (base 8) to base 4.
-123020100121
What is -30395 (base 12) in base 3?
-10012002012
What is 2155126 (base 8) in base 3?
1002110212020
Convert 511eb (base 15) to base 4.
332232302
-3558387 (base 9) to base 10
-1928527
What is -670456 (base 8) in base 7?
-1626450
Convert 702ff9 (base 16) to base 14.
d955b3
111000111011101110110 (base 2) to base 14
367c46
What is -11000010011111 (base 2) in base 13?
-5886
What is -4042134 (base 5) in base 12?
-31952
What is -130524 (base 12) in base 13?
-abbb9
1402331 (base 8) to base 11
24a3a8
Convert -12032203 (base 4) to base 6.
-314031
-93001 (base 16) to base 11
-381416
What is -10412743 (base 9) in base 10?
-5027790
Convert -5510235 (base 6) to base 15.
-560bb
Convert -1843804 (base 10) to base 4.
-13002021130
What is 1156314 (base 8) in base 12?
1344b8
Convert 2637ac5 (base 13) to base 7.
203602422
Convert -1101001101111111 (base 2) to base 6.
-1054355
Convert 1413213 (base 6) to base 15.
18990
-101110100111111010010 (base 2) to base 15
-202a0c
What is -51841a (base 11) in base 9?
-1505877
Convert -136b9 (base 15) to base 4.
-33031002
Convert 1631612 (base 7) to base 12.
aab98
What is -7903668 (base 11) in base 12?
-4782063
-11035d (base 16) to base 15
-170568
235b51a (base 14) to base 8
100347504
Convert -9ed8d2 (base 15) to base 16.
-73cc85
Convert 3de0b (base 15) to base 5.
22331121
Convert 20006650 (base 7) to base 5.
410240343
-15230263 (base 9) to base 4
-130322020332
What is -16445226 (base 8) in base 14?
-7162a2
What is -29285f (base 16) in base 14?
-502db1
What is -130770a (base 14) in base 16?
-8bd34e
Convert -78898e (base 15) to base 8.
-25736030
Convert 1212431222 (base 5) to base 14.
545932
What is 310023013 (base 5) in base 7?
13432035
-218586 (base 10) to base 3
-102002211210
What is -23a38d (base 14) in base 10?
-1219049
What is 238aa (base 13) in base 7?
361050
-5c1e (base 16) to base 10
-23582
Convert 112121012202 (base 3) to base 16.
46295
What is 1016836 (base 12) in base 8?
13407052
What is -4a3591 (base 11) in base 15?
-10a9ac
Convert -1521433 (base 6) to base 16.
-159bd
34672362 (base 9) to base 3
1011202102102002
Convert 103110211103 (base 4) to base 2.
10011010100100101010011
What is -100111111001110111 (base 2) in base 7?
-1250344
2300213130 (base 4) to base 13
1c4379
What is 166640 (base 12) in base 9?
645423
18741b9 (base 12) to base 7
61411215
Convert 14c319 (base 15) to base 7.
11345262
What is -8633882 (base 9) in base 2?
-10001101001111110111110
Convert 4314054 (base 7) to base 5.
113243304
What is -17debb9 (base 15) in base 3?
-1012202201220010
Convert 29409a0 (base 12) to base 6.
453450320
Convert 6364454 (base 7) to base 13.
2106cb
What is 1130767 (base 9) in base 4?
2111013301
What is -310448 (base 10) in base 16?
-4bcb0
Convert -2ad1dd (base 14) to base 9.
-2728848
What is 2155041 (base 8) in base 13?
174094
-f9993 (base 16) to base 6
-33525043
-b2441 (base 14) to base 10
-428905
12a8a5 (base 16) to base 14
23b8c5
Convert 4a1b2 (base 12) to base 16.
18896
What is 62146213 (base 7) in base 16?
4f6c8d
727234 (base 8) to base 5
30210213
1213033100 (base 4) to base 12
184868
What is 916552 (base 10) in base 13?
261250
-763a42 (base 16) to base 7
-122600252
Convert 1213213111 (base 4) to base 12.
185731
3363165 (base 8) to base 12
37b219
What is -6612244 (base 7) in base 9?
-1464037
75776 (base 13) to base 4
303303200
What is 24304240 (base 6) in base 4?
2330023200
What is 13300023012 (base 4) in base 2?
111110000001011000110
Convert -54205214 (base 6) to base 11.
-9a540a
10031341102 (base 5) to base 13
210132b
-561a5 (base 14) to base 8
-627765
10202122001100 (base 3) to base 10
2000412
-597 (base 15) to base 5
-20032
Convert -287322 (base 11) to base 16.
-6d9a6
-2552 (base 15) to base 9
-11815
1562d9 (base 14) to base 4
2312113013
Convert -4624770 (base 8) to base 12.
-506988
What is -14324333 (base 7) in base 3?
-2112122002112
-11c3678 (base 13) to base 8
-25124772
Convert 1333131 (base 7) to base 8.
530365
Convert 105202 (base 7) to base 13.
8626
What is -b2227b (base 14) in base 16?
-5b8925
-cc270f (base 16) to base 15
-12943b3
What is 3330201112 (base 4) in base 2?
11111100100001010110
1133302314 (base 5) to base 11
153a550
What is 32253 (base 8) in base 6?
142231
1001101010110000010 (base 2) to base 10
316802
Convert -11111101000011110100110 (base 2) to base 3.
-120121021211211
-14542240 (base 6) to base 16
-7ccb0
What is 3b7a33 (base 12) in base 8?
3612007
Convert 2c1834 (base 14) to base 4.
11320032012
34739a (base 15) to base 8
11434556
383580 (base 9) to base 13
81972
Convert 33746 (base 8) to base 5.
424220
-42970 (base 11) to base 13
-22525
Convert -114883 (base 11) to base 10.
-182075
4242700 (base 9) to base 3
11021102210000
Convert 1b54e8 (base 16) to base 11.
1013841
Convert -91287 (base 13) to base 15.
-51e30
110110000001011110110001 (base 2) to base 11
7aa3001
-a29b9 (base 12) to base 2
-110011110100011101
Convert -12441002 (base 5) to base 4.
-132121112
Convert -703743 (base 8) to base 1